n base 7, what is 13 - -1132225326?
1132225342
In base 12, what is 57 + ba7a?
bb15
In base 12, what is 758 + -15563?
-14a07
In base 8, what is 1644460 + 13?
1644473
In base 8, what is 5 + -17340047?
-17340042
In base 15, what is -15e + 196a5?
19546
In base 3, what is 2202012221002 + -1012?
2202012212220
In base 15, what is 950 + 22c55?
236a5
In base 6, what is 402131 + -53212?
304515
In base 13, what is -82 - -aa67?
a9b5
In base 11, what is 10847 + -a3?
10754
In base 8, what is 3 - -4121773?
4121776
In base 16, what is -10f + -75cfa?
-75e09
In base 6, what is 1445123343 + -5?
1445123334
In base 4, what is 30311122211222 + 1?
30311122211223
In base 7, what is 1 + -31313250?
-31313246
In base 7, what is 123 + 16561245?
16561401
In base 5, what is -1001323 - -11?
-1001312
In base 6, what is -145315004244 + 1?
-145315004243
In base 5, what is 313431 + 11234?
330220
In base 14, what is 3c8738 - 2?
3c8736
In base 13, what is -8 + 1130c37?
1130c2c
In base 7, what is 24022466 + -600?
24021566
In base 11, what is -2439 - -581?
-1968
In base 16, what is -10a320 - -4a?
-10a2d6
In base 10, what is 72091407 - 3?
72091404
In base 6, what is 2423 - -255223?
302050
In base 3, what is -10221200201112011 - 101?
-10221200201112112
In base 14, what is 48da - -235?
4b31
In base 4, what is 32 + -12220312123?
-12220312031
In base 9, what is 515542 - -1306?
516848
In base 16, what is 13ad1 + -6c?
13a65
In base 11, what is 20a - -1491506?
1491715
In base 6, what is 42 - -1145555?
1150041
In base 10, what is -1 - 3319953?
-3319954
In base 15, what is 9ed3 + 59?
a03c
In base 6, what is -5155144 + -3141?
-5202325
In base 3, what is 101021101 + -10010002020?
-2201210212
In base 14, what is -5 - -171b7b?
171b76
In base 5, what is -440234044 + 21?
-440234023
In base 8, what is 25150770 - 26?
25150742
In base 9, what is -4105070 + 0?
-4105070
In base 8, what is 101042 + 54271?
155333
In base 2, what is 11 + 1011101110100011101?
1011101110100100000
In base 8, what is -121 + -2647111?
-2647232
In base 14, what is -24 + 140c32?
140c0c
In base 13, what is -8 - -4b78095?
4b7808a
In base 12, what is 4 + -7086b88?
-7086b84
In base 7, what is -3 - 1621621221?
-1621621224
In base 11, what is -39a1912 - 2?
-39a1914
In base 9, what is 12244 - -21186?
33441
In base 14, what is -17905237 - 5?
-1790523c
In base 9, what is -22112 - -3144?
-17857
In base 10, what is 14732719 + -6?
14732713
In base 5, what is 44104121 + 402?
44110023
In base 3, what is -1202 + 10002110002?
10002101100
In base 7, what is 2 + -62324605?
-62324603
In base 5, what is -130013330 - 3?
-130013333
In base 9, what is -85 - 14586305?
-14586401
In base 8, what is -440115567 - -5?
-440115562
In base 7, what is 50 - -2433243?
2433323
In base 11, what is 1 - -778705?
778706
In base 7, what is 62 + -3000101?
-3000006
In base 12, what is 7906b + -29?
79042
In base 4, what is 2333313101131 + -23?
2333313101102
In base 12, what is -3 - -9509149?
9509146
In base 12, what is -2b5 + 131b1?
12ab8
In base 9, what is -136 + -101417?
-101554
In base 15, what is -ae8c + 1549?
-9943
In base 16, what is 25c + -2222?
-1fc6
In base 8, what is -1422 - 346261?
-347703
In base 8, what is 152 - -4513160?
4513332
In base 2, what is 1100000010100001 - -11100001111?
1100011110110000
In base 8, what is 3 - 3542011?
-3542006
In base 12, what is -54a94 - -416?
-5467a
In base 6, what is -1550130 + -434?
-1551004
In base 9, what is 2371 + 316040?
318421
In base 13, what is 4b8 - 421a5?
-419ba
In base 3, what is -2200102 + 202000022211?
201220122102
In base 12, what is -4 - 12366b8?
-1236700
In base 6, what is -511142234 + -3?
-511142241
In base 13, what is -5b8 + -153bc?
-159a7
In base 5, what is -430 - -33331242?
33330312
In base 12, what is 36b92 - -3586?
3a558
In base 3, what is -12 + 12021210201001?
12021210200212
In base 9, what is -2112771351 - -4?
-2112771346
In base 15, what is -24 - -48625?
48601
In base 3, what is -11111 + 212001002101?
212000220220
In base 12, what is -12ba + 1b82?
884
In base 12, what is -26242b + -2a?
-262459
In base 9, what is -470841 - -1435?
-468405
In base 12, what is -22baa + 358?
-22852
In base 9, what is -42 + -23560443?
-23560485
In base 6, what is 10 - 140544125?
-140544115
In base 15, what is 1cc6 - -16c1?
3497
In base 16, what is -9f - 19a7d?
-19b1c
In base 16, what is -1 - 71b818a?
-71b818b
In base 2, what is 0 - -1111100110001101100111011?
1111100110001101100111011
In base 6, what is 122014321 - 20?
122014301
In base 11, what is -537278 + 35?
-537243
In base 3, what is -1111012210201101 + 12?
-1111012210201012
In base 12, what is -1468274b3 + 4?
-1468274ab
In base 9, what is -13515 - -124?
-13381
In base 13, what is -2973 - -21cb?
-775
In base 3, what is 1111200222 + -11112010?
1100011212
In base 4, what is -301133012211 - -12?
-301133012133
In base 11, what is 218169 + -a72?
2171a7
In base 9, what is 474556 + -6?
474550
In base 6, what is -3034 - 111404?
-114442
In base 4, what is -32010220032 + 10?
-32010220022
In base 10, what is -46 - 5646247?
-5646293
In base 10, what is 1976913 + 174?
1977087
In base 16, what is -6499 - 989?
-6e22
In base 6, what is -141520152 - 5?
-141520201
In base 15, what is -1596 + -4d22?
-63b8
In base 7, what is -4 - -32242260?
32242253
In base 3, what is -1 - -11121021020212112?
11121021020212111
In base 6, what is -31 - 21301545?
-21302020
In base 13, what is -3 - 101a343b?
-101a3441
In base 15, what is 63ea5c - 1?
63ea5b
In base 8, what is -1574076277 + -3?
-1574076302
In base 11, what is 3 - -44a053?
44a056
In base 12, what is 3 + -143b269?
-143b266
In base 14, what is 6a39ba4 + 3?
6a39ba7
In base 12, what is -4a9730a + -5?
-4a97313
In base 15, what is -1 - -c26946?
c26945
In base 2, what is -100100010100010000001010 - 1?
-100100010100010000001011
In base 11, what is 3a + -75067?
-75028
In base 8, what is 1 - 113442011?
-113442010
In base 4, what is -130012020320 + 1120?
-130012013200
In base 2, what is 1010010 - 1001010111011001001?
-1001010111001110111
In base 14, what is 4d47cc4 + 17?
4d47cdb
In base 8, what is -3056 + -1175643?
-1200721
In base 14, what is 5b + 10bc99?
10bd16
In base 8, what is 567 - -275701?
276470
In base 8, what is -63165262 + -3?
-63165265
In base 12, what is 5 - 2224a3?
-22249a
In base 10, what is -16898 + -78?
-16976
In base 6, what is 135 - 11431010?
-11430431
In base 13, what is 3 + -1c93b7a?
-1c93b77
In base 6, what is -442352132 + -41?
-442352213
In base 2, what is -1100 + -1010000100000001110000?
-1010000100000001111100
In base 7, what is 2012 - 35226?
-33214
In base 4, what is -1013220220 + -113?
-1013220333
In base 14, what is 5 - 144a67c6?
-144a67c1
In base 5, what is -3044243 - 123003?
-3222301
In base 11, what is -1 - 1935171?
-1935172
In base 4, what is -1 + 302321301031?
302321301030
In base 16, what is -a54 + 18e?
-8c6
In base 8, what is -500143 + -651?
-501014
In base 7, what is 1 - -2112421443?
2112421444
In base 9, what is -116014652 + 3?
-116014648
In base 6, what is 434 + 1403430?
1404304
In base 7, what is 12343566 + -1?
12343565
In base 14, what is -2b59807 + 0?
-2b59807
In base 13, what is c0769 - 1a7?
c0592
In base 8, what is 1206704 + -263?
1206421
In base 4, what is 11231 - 1300013?
-1222122
In base 12, what is 4 + -10a156a?
-10a1566
In base 8, what is -12 - -51173423?
51173411
In base 14, what is -34 + 1a83a4?
1a8370
In base 15, what is -2e96 + -7d4e?
-ace5
In base 14, what is -84 + 64786?
64702
In base 4, what is -1 - -2123021111?
2123021110
In base 6, what is 2 - -24552205?
24552211
In base 5, what is -34410024234 + 1?
-34410024233
In base 12, what is 1131 - -3b72?
50a3
In base 11, what is 0 - 55669a?
-55669a
In base 10, what is 346406 + -30?
346376
In base 7, what is 11153 - 1530?
6323
In base 4, what is -20112 + 1121031200?
1121011022
In base 2, what is 110 + 100000010110101111001100?
100000010110101111010010
In base 2, what is -10111111 + -1001001100?
-1100001011
In base 2, what is 11 - -1100101011000010100001?
1100101011000010100100
In base 2, what is 10110000111110010110 - -101?
10110000111110011011
In base 7, what is -2146124 - 244?
-2146401
In base 8, what is -205 - 121315?
-121522
In base 15, what is -da599d + -b?
-da59a9
In base 7, what is 12210 + -1232533?
-1220323
In base 16, what is 15c54e63 + 4?
15c54e67